
0
What is the hundreds digit of 2065657?
6
What is the ten thousands digit of 72811?
7
What is the hundred thousands digit of 5402999?
4
What is the units digit of 23017438?
8
What is the tens digit of 334305?
0
What is the hundred thousands digit of 1890917?
8
What is the hundreds digit of 567513?
5
What is the millions digit of 10590972?
0
What is the ten thousands digit of 105170?
0
What is the tens digit of 78200?
0
What is the hundreds digit of 21368340?
3
What is the tens digit of 5819870?
7
What is the hundreds digit of 9729524?
5
What is the hundreds digit of 502656?
6
What is the tens digit of 366530?
3
What is the hundred thousands digit of 10355510?
3
What is the units digit of 83256?
6
What is the units digit of 2819890?
0
What is the ten thousands digit of 932580?
3
What is the units digit of 794658?
8
What is the units digit of 10608537?
7
What is the hundreds digit of 5505986?
9
What is the units digit of 1062559?
9
What is the hundreds digit of 7012764?
7
What is the tens digit of 1365884?
8
What is the tens digit of 1933214?
1
What is the units digit of 35347?
7
What is the hundred thousands digit of 820045?
8
What is the millions digit of 4305804?
4
What is the thousands digit of 3313524?
3
What is the tens digit of 6680160?
6
What is the units digit of 199482?
2
What is the hundred thousands digit of 211345?
2
What is the hundred thousands digit of 989860?
9
What is the hundreds digit of 9492273?
2
What is the thousands digit of 113538?
3
What is the thousands digit of 542802?
2
What is the ten thousands digit of 2147286?
4
What is the hundred thousands digit of 792304?
7
What is the millions digit of 17829668?
7
What is the units digit of 4751370?
0
What is the units digit of 235100?
0
What is the hundreds digit of 152805?
8
What is the thousands digit of 23167183?
7
What is the hundreds digit of 191803?
8
What is the tens digit of 4468632?
3
What is the thousands digit of 254206?
4
What is the units digit of 1233484?
4
What is the hundred thousands digit of 1328034?
3
What is the hundred thousands digit of 2185198?
1
What is the hundreds digit of 58439?
4
What is the hundreds digit of 15394588?
5
What is the hundred thousands digit of 2256251?
2
What is the ten thousands digit of 131689?
3
What is the hundred thousands digit of 477492?
4
What is the millions digit of 3119211?
3
What is the millions digit of 18159127?
8
What is the tens digit of 835492?
9
What is the hundred thousands digit of 1355410?
3
What is the thousands digit of 2552984?
2
What is the tens digit of 3681634?
3
What is the tens digit of 28924?
2
What is the hundred thousands digit of 1394766?
3
What is the tens digit of 5449718?
1
What is the hundred thousands digit of 1745410?
7
What is the hundred thousands digit of 7718243?
7
What is the units digit of 1474971?
1
What is the thousands digit of 214036?
4
What is the tens digit of 162958?
5
What is the ten thousands digit of 81018?
8
What is the thousands digit of 992984?
2
What is the hundred thousands digit of 7704591?
7
What is the units digit of 4026465?
5
What is the tens digit of 12929354?
5
What is the ten thousands digit of 2443253?
4
What is the hundred thousands digit of 161250?
1
What is the thousands digit of 66234?
6
What is the thousands digit of 212761?
2
What is the units digit of 5343685?
5
What is the tens digit of 4757549?
4
What is the tens digit of 213640?
4
What is the hundred thousands digit of 2664884?
6
What is the units digit of 16078696?
6
What is the ten thousands digit of 6967693?
6
What is the hundred thousands digit of 226235?
2
What is the ten millions digit of 14840416?
1
What is the thousands digit of 3066987?
6
What is the ten thousands digit of 660064?
6
What is the ten millions digit of 14832102?
1
What is the hundreds digit of 16507210?
2
What is the hundred thousands digit of 323645?
3
What is the millions digit of 2022858?
2
What is the hundred thousands digit of 184236?
1
What is the units digit of 10655001?
1
What is the thousands digit of 81805?
1
What is the tens digit of 104845?
4
What is the tens digit of 273402?
0
What is the hundred thousands digit of 1161598?
1
What is the hundreds digit of 247022?
0
What is the tens digit of 163217?
1
What is the tens digit of 2594132?
3
What is the thousands digit of 10866538?
6
What is the ten thousands digit of 1935306?
3
What is the hundred thousands digit of 816653?
8
What is the ten thousands digit of 822660?
2
What is the ten thousands digit of 475594?
7
What is the ten thousands digit of 15107141?
0
What is the thousands digit of 70092?
0
What is the ten thousands digit of 1416601?
1
What is the ten thousands digit of 1178214?
7
What is the hundreds digit of 218040?
0
What is the hundred thousands digit of 8535390?
5
What is the hundred thousands digit of 179492?
1
What is the tens digit of 297536?
3
What is the tens digit of 288762?
6
What is the hundred thousands digit of 253216?
2
What is the millions digit of 10592596?
0
What is the tens digit of 168386?
8
What is the units digit of 4512248?
8
What is the tens digit of 515081?
8
What is the hundred thousands digit of 7130064?
1
What is the hundreds digit of 1321953?
9
What is the ten thousands digit of 558678?
5
What is the units digit of 6987972?
2
What is the thousands digit of 123022?
3
What is the hundred thousands digit of 3566198?
5
What is the thousands digit of 2204017?
4
What is the ten thousands digit of 2309978?
0
What is the ten thousands digit of 1096834?
9
What is the hundreds digit of 15394405?
4
What is the ten thousands digit of 28319?
2
What is the ten thousands digit of 32822?
3
What is the ten thousands digit of 166839?
6
What is the thousands digit of 7420811?
0
What is the tens digit of 321438?
3
What is the hundreds digit of 105646?
6
What is the tens digit of 552946?
4
What is the tens digit of 10284228?
2
What is the tens digit of 6946797?
9
What is the hundred thousands digit of 7837161?
8
What is the ten thousands digit of 34346637?
4
What is the units digit of 7367480?
0
What is the tens digit of 3179570?
7
What is the tens digit of 1649361?
6
What is the hundreds digit of 7550485?
4
What is the units digit of 9530504?
4
What is the hundreds digit of 381662?
6
What is the hundred thousands digit of 893465?
8
What is the units digit of 1526641?
1
What is the tens digit of 3455047?
4
What is the hundreds digit of 341894?
8
What is the units digit of 1004712?
2
What is the units digit of 35846635?
5
What is the units digit of 1763110?
0
What is the hundreds digit of 12256?
2
What is the hundreds digit of 9249652?
6
What is the hundred thousands digit of 235824?
2
What is the hundreds digit of 460509?
5
What is the millions digit of 3765332?
3
What is the hundreds digit of 549968?
9
What is the hundreds digit of 554479?
4
What is the millions digit of 5270670?
5
What is the ten thousands digit of 199082?
9
What is the hundreds digit of 469396?
3
What is the tens digit of 116409?
0
What is the units digit of 512758?
8
What is the hundreds digit of 2633471?
4
What is the units digit of 22836?
6
What is the thousands digit of 4262859?
2
What is the hundred thousands digit of 1675684?
6
What is the tens digit of 6231937?
3
What is the units digit of 2567982?
2
What is the thousands digit of 119548?
9
What is the ten millions digit of 21123402?
2
What is the tens digit of 950258?
5
What is the millions digit of 24887416?
4
What is the tens digit of 110679?
7
What is the tens digit of 793544?
4
What is the thousands digit of 9772585?
2
What is the ten thousands digit of 663659?
6
What is the thousands digit of 39802?
9
What is the ten thousands digit of 639127?
3
What is the tens digit of 5302401?
0
What is the hundreds digit of 11243311?
3
What is the ten thousands digit of 461844?
6
What is the ten thousands digit of 12019891?
1
What is the units digit of 112624?
4
What is the units digit of 201847?
7
What is the units digit of 45110?
0
What is the units digit of 2428378?
8
What is the thousands digit of 358098?
8
What is the thousands digit of 75915?
5
What is the hundred thousands digit of 3685477?
6
What is the ten thousands digit of 3662728?
6
What is the units digit of 3808965?
5
What is the hundreds digit of 415497?
4
What is 